{"id":4572,"date":"2023-06-27T20:25:40","date_gmt":"2023-06-27T20:25:40","guid":{"rendered":"https:\/\/essenciale.store\/?page_id=4572"},"modified":"2023-06-27T20:28:07","modified_gmt":"2023-06-27T20:28:07","slug":"terminos-del-servicio","status":"publish","type":"page","link":"https:\/\/essenciale.store\/index.php\/terminos-del-servicio\/","title":{"rendered":"T\u00e9rms de servicio"},"content":{"rendered":"\n<p>VISI\u00d3N GENERAL<br><br>Este sitio web es operado por&nbsp;Prime Store. En todo el sitio, los t\u00e9rminos &#8220;nosotros&#8221;, &#8220;nos&#8221; y &#8220;nuestro&#8221; se refieren a&nbsp;Prime Store.&nbsp;Prime Store&nbsp;ofrece este sitio web, incluida toda la informaci\u00f3n, las herramientas y los servicios disponibles en este sitio, para usted, el usuario, sujeto a su aceptaci\u00f3n de todos los t\u00e9rminos, condiciones, pol\u00edticas y avisos establecidos aqu\u00ed.<br><br>Al visitar nuestro sitio web y\/o comprar algo de nuestro sitio web, est\u00e1 utilizando nuestros &#8220;Servicios&#8221; y, en consecuencia, acepta los siguientes t\u00e9rminos y condiciones (&#8220;T\u00e9rminos de servicio&#8221;, &#8220;T\u00e9rminos&#8221;), incluidos los t\u00e9rminos y condiciones y las pol\u00edticas adicionales mencionadas en este documento y\/o disponible por hiperv\u00ednculo. Estos T\u00e9rminos de servicio se aplican a todos los usuarios del sitio, incluidos, entre otros, usuarios que son espectadores, fabricantes, clientes, comerciantes y\/o contribuyentes de contenido.<br>Lea estos T\u00e9rminos de servicio detenidamente antes de acceder o utilizar nuestro sitio web. Al acceder o utilizar cualquier parte del sitio web, usted acepta los T\u00e9rminos de servicio. Si no est\u00e1 de acuerdo con todos los t\u00e9rminos y condiciones de este acuerdo, no podr\u00e1 acceder al sitio web ni utilizar ning\u00fan servicio. Si estos T\u00e9rminos de servicio se consideran una oferta, la aceptaci\u00f3n se limita expresamente a estos T\u00e9rminos de servicio.<br><br>Todas las funciones o herramientas nuevas que se agreguen a la tienda actual tambi\u00e9n deben estar sujetas a los T\u00e9rminos de servicio. Puede revisar la versi\u00f3n m\u00e1s reciente de los T\u00e9rminos de servicio en cualquier momento en esta p\u00e1gina. Nos reservamos el derecho de actualizar, cambiar o reemplazar cualquier parte de estos T\u00e9rminos de servicio mediante la publicaci\u00f3n de actualizaciones y\/o cambios en nuestro sitio web. Es su responsabilidad verificar peri\u00f3dicamente los cambios realizados en esta p\u00e1gina. Su uso continuado o acceso al sitio web despu\u00e9s de la publicaci\u00f3n de cualquier cambio constituye la aceptaci\u00f3n de dichos cambios.<br>Nuestra tienda est\u00e1 alojada en Shopify Inc. Esta empresa nos proporciona la plataforma de comercio electr\u00f3nico en l\u00ednea que nos permite venderle nuestros productos y servicios.<\/p>\n\n\n\n<p>SECCI\u00d3N 1 &#8211; T\u00c9RMINOS DE LA TIENDA VIRTUAL<br><br>Al aceptar estos T\u00e9rminos de servicio, usted declara que tiene al menos la mayor\u00eda de edad en su estado o condado de residencia, o que tiene la mayor\u00eda de edad en su estado o condado de residencia, y que nos ha dado su permiso para permitir que cualquiera de sus dependientes menores use este sitio.<br><br>No debe utilizar nuestros productos para ning\u00fan prop\u00f3sito ilegal o no autorizado. Tampoco puede, al usar este Servicio, violar ninguna ley en su jurisdicci\u00f3n (incluidas, entre otras, las leyes de derechos de autor).<br><br>No debe transmitir ning\u00fan virus ni ning\u00fan c\u00f3digo de naturaleza destructiva.<br><br>La violaci\u00f3n de cualquiera de los T\u00e9rminos resultar\u00e1 en la terminaci\u00f3n inmediata de sus Servicios.<br>SECCI\u00d3N 2 &#8211; CONDICIONES GENERALES<br><br>Nos reservamos el derecho de rechazar el servicio a cualquier persona, por cualquier motivo, en cualquier momento.<br><br>Usted comprende que su contenido (sin incluir la informaci\u00f3n de la tarjeta de cr\u00e9dito) puede transferirse sin cifrar y puede: (a) transmitirse a trav\u00e9s de varias redes; y (b) sufrir cambios para adaptarse y ajustarse a los requisitos t\u00e9cnicos de conexi\u00f3n de redes o dispositivos. La informaci\u00f3n de la tarjeta de cr\u00e9dito siempre se cifra cuando se transfiere entre redes.<br><br>Usted acepta no reproducir, duplicar, copiar, vender, revender ni explotar ninguna parte del Servicio, el uso del Servicio, el acceso al Servicio o cualquier contacto en el sitio web a trav\u00e9s del cual se proporciona el Servicio, sin nuestro permiso expreso por escrito.<br><br>Los encabezados utilizados en este acuerdo se incluyen solo por conveniencia y no limitan ni afectan los T\u00e9rminos.<\/p>\n\n\n\n<p>SECCI\u00d3N 3 &#8211; EXACTITUD, INTEGRIDAD Y PER\u00cdODO DE VALIDEZ DE LA INFORMACI\u00d3N<br><br>No somos responsables si la informaci\u00f3n disponible en este sitio web no es precisa, completa o actual. El material de este sitio se proporciona \u00fanicamente con fines informativos y no debe utilizarse como la \u00fanica base para tomar decisiones sin consultar fuentes de informaci\u00f3n primarias, m\u00e1s precisas, m\u00e1s completas o m\u00e1s actualizadas. Cualquier uso del material en este sitio es bajo su propio riesgo.<br><br>Este sitio web puede contener cierta informaci\u00f3n hist\u00f3rica. La informaci\u00f3n hist\u00f3rica puede no estar actualizada y se proporciona solo para su referencia. Nos reservamos el derecho de modificar el contenido de este sitio web en cualquier momento, pero no estamos obligados a actualizar ninguna informaci\u00f3n en nuestro sitio web. Usted acepta que es su responsabilidad realizar un seguimiento de los cambios en nuestro sitio web.<br>SECCI\u00d3N 4 &#8211; CAMBIOS DE SERVICIO Y PRECIO<br><br>Los precios de nuestros productos est\u00e1n sujetos a cambios sin previo aviso.<br><br>Nos reservamos el derecho en cualquier momento de modificar o descontinuar el Servicio (o cualquier parte o contenido del mismo) sin previo aviso en cualquier momento.<br><br>No somos responsables ante usted o cualquier tercero por cualquier modificaci\u00f3n, cambio de precio, suspensi\u00f3n o interrupci\u00f3n del Servicio.<\/p>\n\n\n\n<p>SECCI\u00d3N 5 &#8211; PRODUCTOS O SERVICIOS (si corresponde)<br><br>Ciertos productos o servicios pueden estar disponibles exclusivamente en l\u00ednea a trav\u00e9s del sitio web. Dichos productos o servicios pueden tener cantidades limitadas y est\u00e1n sujetos a devoluci\u00f3n o cambio solo de acuerdo con nuestra Pol\u00edtica de devoluci\u00f3n.<br><br>Hemos hecho todo lo posible para mostrar con la mayor precisi\u00f3n posible los colores y las im\u00e1genes de nuestros productos que aparecen en la tienda. No podemos garantizar que la visualizaci\u00f3n de cualquier color en el monitor de su computadora sea precisa.<br>Nos reservamos el derecho, pero no estamos obligados a, limitar las ventas de nuestros productos o Servicios a cualquier persona, regi\u00f3n geogr\u00e1fica o jurisdicci\u00f3n. Podemos ejercer este derecho en cada caso individual. Nos reservamos el derecho de limitar las cantidades de cualquier producto o servicio que ofrecemos. Todas las descripciones de los productos o los precios de los productos est\u00e1n sujetos a cambios en cualquier momento sin previo aviso, a nuestro exclusivo criterio. Nos reservamos el derecho de descontinuar cualquier producto en cualquier momento. Cualquier oferta de productos o servicios en este sitio es nula donde lo proh\u00edba la ley.<br><br>No garantizamos que la calidad de los productos, servicios, informaci\u00f3n u otros materiales comprados u obtenidos por usted satisfagan sus expectativas, o que se corregir\u00e1n los errores en el Servicio.<br><br>SECCI\u00d3N 6 &#8211; EXACTITUD DE LA FACTURACI\u00d3N Y LA INFORMACI\u00d3N DE LA CUENTA<br><br>Nos reservamos el derecho de rechazar cualquier pedido que realice con nosotros. Podemos, a nuestro exclusivo criterio, limitar o cancelar la cantidad de productos comprados por persona, por hogar o por pedido. Dichas restricciones pueden incluir pedidos realizados bajo la misma cuenta de cliente, en la misma tarjeta de cr\u00e9dito y\/o pedidos utilizando la misma factura y\/o direcci\u00f3n de env\u00edo. En el caso de que hagamos un cambio o cancelemos un pedido, podemos intentar notificarlo poni\u00e9ndonos en contacto con la direcci\u00f3n de correo electr\u00f3nico y\/o el n\u00famero de tel\u00e9fono\/direcci\u00f3n de facturaci\u00f3n proporcionados en el momento en que se realiz\u00f3 el pedido. Nos reservamos el derecho de limitar o prohibir los pedidos que, a nuestro exclusivo criterio, parecen haber sido realizados por comerciantes, revendedores o distribuidores.<br>Usted acepta proporcionar su cuenta completa y la informaci\u00f3n de compra para todas las compras realizadas en nuestra tienda. Acepta actualizar de inmediato su cuenta y otra informaci\u00f3n, incluida su direcci\u00f3n de correo electr\u00f3nico, n\u00fameros de tarjeta de cr\u00e9dito y fechas de vencimiento, para que podamos completar sus transacciones y comunicarnos con usted seg\u00fan sea necesario.<br><br>Para obtener m\u00e1s informaci\u00f3n, consulte nuestra Pol\u00edtica de devoluciones.<\/p>\n\n\n\n<p>SECCI\u00d3N 7 &#8211; HERRAMIENTAS OPCIONALES<br><br>Es posible que le proporcionemos acceso a herramientas de terceros que no supervisamos ni controlamos o sobre las que no ingresamos.<br><br>Usted reconoce y acepta que brindamos acceso a dichas herramientas tal como est\u00e1n y disponibles, sin garant\u00edas, representaciones o condiciones de ning\u00fan tipo y sin ning\u00fan respaldo. No somos responsables de ninguna manera por su uso de herramientas opcionales de terceros.<br><br>Su uso de las herramientas opcionales que se ofrecen a trav\u00e9s del sitio web es bajo su propio riesgo y debe familiarizarse y aprobar los t\u00e9rminos de las herramientas proporcionadas por los proveedores externos.<br><br>Tambi\u00e9n podemos, en el futuro, ofrecer nuevos servicios y\/o funciones a trav\u00e9s del sitio web (incluido el lanzamiento de nuevas herramientas y recursos). Tales nuevas caracter\u00edsticas y \/ o servicios tambi\u00e9n estar\u00e1n sujetos a estos T\u00e9rminos de Servicio.<br>SECCI\u00d3N 8 &#8211; ENLACES DE TERCEROS<br><br>Ciertos contenidos, productos y servicios disponibles a trav\u00e9s de nuestro Servicio pueden incluir materiales de terceros.<br><br>Los enlaces de terceros en este sitio pueden dirigirlo a sitios de terceros que no est\u00e1n afiliados a nosotros. No somos responsables de examinar o evaluar el contenido o su exactitud. No garantizamos ni asumimos responsabilidad alguna por ning\u00fan material o sitio web de terceros, ni por ning\u00fan otro material, producto o servicio de terceros.<br><br>No somos responsables de ning\u00fan da\u00f1o o p\u00e9rdida relacionada con la compra o el uso de bienes, servicios, recursos, contenido o cualquier otra transacci\u00f3n realizada en relaci\u00f3n con sitios web de terceros. Lea atentamente las pol\u00edticas y pr\u00e1cticas de terceros y aseg\u00farese de comprenderlas antes de realizar cualquier transacci\u00f3n. Las quejas, reclamos, inquietudes o preguntas sobre productos de terceros deben dirigirse a la empresa de terceros respectiva.<\/p>\n\n\n\n<p>SECCI\u00d3N 9 &#8211; COMENTARIOS, RETROALIMENTACI\u00d3N Y OTRAS INTERACCIONES DEL USUARIO<br><br>Si, a petici\u00f3n nuestra, realiza ciertas acciones espec\u00edficas (p. ej., participaciones en concursos) o, sin nuestra petici\u00f3n, env\u00eda ideas creativas, sugerencias, propuestas, planes u otros materiales, ya sea en l\u00ednea, por correo electr\u00f3nico, correo postal o de otro modo (colectivamente, &#8220;comentarios &#8220;), usted acepta que podemos, en cualquier momento, sin restricciones, editar, copiar, publicar, distribuir, traducir y usar, en cualquier medio, cualquier comentario que nos env\u00ede. No somos responsables de: (1) mantener cualquier comentario confidencial; (2) indemnizar por cualquier comentario; o (3) responder a cualquier comentario.<br>Podemos, pero no estamos obligados, a monitorear, editar o eliminar contenido que, a nuestro exclusivo criterio, determinemos que est\u00e1 en contra de la ley, es ofensivo, amenazante, calumnioso, difamatorio, pornogr\u00e1fico, obsceno o de otra manera objetable, o que viola la propiedad intelectual. de otros o estos T\u00e9rminos de Servicio.<br>Usted acepta que sus comentarios no violar\u00e1n ning\u00fan derecho de terceros, incluidos los derechos de autor, marca registrada, privacidad, personalidad u otro derecho personal o de propiedad. Usted acepta que sus comentarios no contendr\u00e1n material difamatorio, ilegal, abusivo u obsceno. Tampoco contendr\u00e1n ning\u00fan virus inform\u00e1tico u otro malware que pueda afectar el funcionamiento del Servicio o cualquier sitio web relacionado. No puede utilizar una direcci\u00f3n de correo electr\u00f3nico falsa, pretender ser otra persona que no sea usted mismo o enga\u00f1arnos a nosotros o a terceros en cuanto al origen de cualquier comentario. Usted es el \u00fanico responsable de cualquier comentario que haga y de su exactitud. No asumimos ninguna responsabilidad por los comentarios publicados por usted o cualquier tercero.<br><br>SECCI\u00d3N 10 &#8211; INFORMACI\u00d3N PERSONAL<br><br>Su env\u00edo de informaci\u00f3n personal a trav\u00e9s de la tienda se rige por nuestra Pol\u00edtica de privacidad. Consulte nuestra Pol\u00edtica de privacidad.<\/p>\n\n\n\n<p>SECCI\u00d3N 11 &#8211; ERRORES, IMPRECISIONES Y OMISIONES<br><br>En ocasiones, puede haber informaci\u00f3n en nuestro sitio web o en el Servicio que contenga errores tipogr\u00e1ficos, inexactitudes u omisiones que puedan estar relacionadas con descripciones de productos, precios, promociones, ofertas, gastos de env\u00edo de productos, tiempos de tr\u00e1nsito y disponibilidad. Nos reservamos el derecho de corregir cualquier error, inexactitud u omisi\u00f3n, y de cambiar o actualizar la informaci\u00f3n o cancelar pedidos si alguna informaci\u00f3n en el Servicio o en cualquier sitio web relacionado es inexacta, en cualquier momento y sin previo aviso (incluso despu\u00e9s de haber enviado su pedido ).<br><br>No asumimos ninguna obligaci\u00f3n de actualizar, modificar o explicar la informaci\u00f3n en el Servicio o cualquier sitio web relacionado, incluida, entre otras, la informaci\u00f3n de precios, excepto seg\u00fan lo exija la ley. No se debe utilizar ninguna actualizaci\u00f3n espec\u00edfica o fecha de actualizaci\u00f3n en el Servicio o en cualquier sitio web relacionado para indicar que toda la informaci\u00f3n en el Servicio o en cualquier sitio web relacionado ha sido modificada o actualizada.<br>SECCI\u00d3N 12 &#8211; USOS PROHIBIDOS<br><br>Adem\u00e1s de otras prohibiciones establecidas en los T\u00e9rminos de servicio, tiene prohibido usar el sitio o su contenido para: (a) cualquier prop\u00f3sito ilegal; (b) solicitar a otros que realicen o participen en actos ilegales; (c) violar cualquier regulaci\u00f3n, regla, ley o ley local, internacional, federal, provincial o estatal; (d) infringir o violar nuestros derechos de propiedad intelectual o los derechos de propiedad intelectual de otros; (e) acosar, abusar, insultar, da\u00f1ar, difamar, calumniar, menospreciar, intimidar o discriminar por motivos de g\u00e9nero, orientaci\u00f3n sexual, religi\u00f3n, etnia, raza, edad, origen nacional o discapacidad; (f) presentar informaci\u00f3n falsa o enga\u00f1osa;<br>(g) enviar o transmitir virus o cualquier otro tipo de c\u00f3digo malicioso, que ser\u00e1 o puede ser utilizado de cualquier manera que afecte la funcionalidad o el funcionamiento del Servicio o cualquier sitio web relacionado, otros sitios web o Internet; (h) recopilar o rastrear la informaci\u00f3n personal de terceros; (i) pr\u00e1cticas de spam, phishing, pharm, pretext, spider, crawl o scrape; (j) cualquier prop\u00f3sito obsceno o inmoral; o para (k) interferir o eludir las caracter\u00edsticas de seguridad del Servicio o cualquier sitio web relacionado, otros sitios web o Internet. Nos reservamos el derecho de terminar su uso del Servicio o cualquier sitio web relacionado por violar cualquiera de los usos prohibidos.<\/p>\n\n\n\n<p>SECCI\u00d3N 13 &#8211; RENUNCIA DE GARANT\u00cdAS; LIMITACI\u00d3N DE RESPONSABILIDAD<br><br>No prometemos, representamos ni garantizamos que su uso de nuestro servicio ser\u00e1 ininterrumpido, oportuno, seguro o libre de errores.<br>No garantizamos que los resultados que puedan obtenerse al usar el servicio sean precisos o confiables.<br><br>Usted acepta que, de vez en cuando, podemos eliminar el servicio por per\u00edodos de tiempo indefinidos o cancelarlo en cualquier momento sin previo aviso.<br>Usted acepta que su uso o incapacidad para usar el Servicio es bajo su propio riesgo. El Servicio y todos los productos y servicios entregados a trav\u00e9s del Servicio se proporcionan (excepto seg\u00fan lo establecido por nosotros) sin garant\u00eda y est\u00e1n disponibles para su uso, sin representaciones, garant\u00edas o condiciones de ning\u00fan tipo, expresas o impl\u00edcitas, incluidas todas las condiciones o condiciones de las garant\u00edas. de comerciabilidad, cantidad, idoneidad para un prop\u00f3sito particular, durabilidad, t\u00edtulo y no infracci\u00f3n.<br>En ning\u00fan caso, Prime Store, nuestros directores, funcionarios, empleados, afiliados, agentes, contratistas, pasantes, proveedores, proveedores de servicios o otorgantes de licencias ser\u00e1n responsables de ning\u00fan da\u00f1o, p\u00e9rdida, reclamo o cualquier da\u00f1o directo, indirecto, incidental, punitivo, especial o consecuente. de ning\u00fan tipo, incluidos, entre otros, la p\u00e9rdida de beneficios, la p\u00e9rdida de ingresos, la p\u00e9rdida de ahorros, la p\u00e9rdida de datos, los costos de reemplazo o cualquier da\u00f1o similar, ya sea basado en contrato, agravio (incluida la negligencia), responsabilidad estricta o no, que surja de su uso de cualquiera de los servicios o cualquier producto comprado usando el servicio, o por cualquier otro reclamo relacionado de alguna manera con su uso del servicio o cualquier producto, incluidos, entre otros, cualquier error u omisi\u00f3n en cualquier contenido, o cualquier p\u00e9rdida o da\u00f1o de cualquier tipo incurrido como resultado de su uso del servicio o cualquier contenido (o producto) publicado, transmitido o puesto a disposici\u00f3n a trav\u00e9s del servicio, incluso si se le advierte de su posibilidad.<br>Debido a que algunos estados o jurisdicciones no permiten la exclusi\u00f3n o limitaci\u00f3n de responsabilidad por da\u00f1os consecuentes o incidentales, en dichos estados o jurisdicciones, nuestra responsabilidad se limitar\u00e1 en la m\u00e1xima medida permitida por la ley.<\/p>\n\n\n\n<p>SECCI\u00d3N 14 &#8211; INDEMNIZACI\u00d3N<br><br>Aceptas indemnizar, defender y mantener indemne&nbsp;Prime Store&nbsp;y nuestra empresa matriz, subsidiarias, afiliados, socios, funcionarios, directores, agentes, contratistas, otorgantes de licencias, proveedores de servicios, subcontratistas, proveedores, internos y empleados, de cualquier reclamo o demanda, incluyendo honorarios de abogados \u00f3rdenes razonables hechas por un tercero debido a su incumplimiento de estos T\u00e9rminos de servicio o de los documentos que incorporan por referencia, o como resultado de su incumplimiento de cualquier ley o los derechos de un tercero.<br><br>SECCI\u00d3N 15 &#8211; INDEPENDENCIA<br><br>En el caso de que se determine que alguna disposici\u00f3n de estos T\u00e9rminos de servicio es ilegal, nula o inaplicable, dicha disposici\u00f3n ser\u00e1 exigible en la m\u00e1xima medida permitida por la ley aplicable, y la parte no aplicable se considerar\u00e1 separada de estos T\u00e9rminos de servicio. y dicha disposici\u00f3n no afectar\u00e1 la validez y exigibilidad de las disposiciones restantes.<br><br>SECCI\u00d3N 16 &#8211; TERMINACI\u00d3N<br><br>Las obligaciones y responsabilidades de las partes incurridas antes de la fecha de terminaci\u00f3n sobrevivir\u00e1n a la terminaci\u00f3n de este acuerdo para todos los efectos.<br><br>Estos T\u00e9rminos de servicio permanecer\u00e1n vigentes a menos que usted o nosotros los rescindamos. Puede rescindir estos T\u00e9rminos de servicio en cualquier momento notific\u00e1ndonos que ya no desea utilizar nuestros servicios, o cuando deje de utilizar nuestro sitio web.<br>Si, a nuestro exclusivo criterio, no cumple con alg\u00fan t\u00e9rmino o disposici\u00f3n de estos T\u00e9rminos de servicio, tambi\u00e9n podemos rescindir este acuerdo en cualquier momento sin previo aviso y usted ser\u00e1 responsable de todos los montos adeudados hasta la fecha de rescisi\u00f3n; tambi\u00e9n podemos negarle el acceso a nuestros Servicios (o cualquier parte de los mismos).<\/p>\n\n\n\n<p>SECCI\u00d3N 17 &#8211; ACUERDO COMPLETO<br><br>La falta de nuestra parte de ejercer o hacer cumplir cualquier derecho o disposici\u00f3n de estos T\u00e9rminos de servicio no constituir\u00e1 una renuncia a tal derecho o disposici\u00f3n.<br><br>Estos T\u00e9rminos de servicio y cualquier pol\u00edtica o regla operativa publicada por nosotros en este sitio o en relaci\u00f3n con el servicio constituyen el acuerdo completo entre nosotros. Estos t\u00e9rminos rigen su uso del Servicio, reemplazando cualquier acuerdo, comunicaci\u00f3n y propuesta anterior o contempor\u00e1nea, ya sea oral o escrita, entre usted y nosotros (incluidas, entre otras, las versiones anteriores de los T\u00e9rminos de servicio).<br>Cualquier ambig\u00fcedad en la interpretaci\u00f3n de estos T\u00e9rminos de servicio no debe interpretarse en contra de la parte que los redact\u00f3.<br><br><br>SECCI\u00d3N 18 &#8211; LEY APLICABLE<br><br>Estos T\u00e9rminos de servicio y cualquier acuerdo por separado en virtud del cual le proporcionemos los Servicios se regir\u00e1n e interpretar\u00e1n de conformidad con las leyes de Rua Cambuquira 73, Contagem, AC, 32110-10, Brasil.<br><br><br>SECCI\u00d3N 19 &#8211; CAMBIOS A LOS T\u00c9RMINOS DEL SERVICIO<br><br>Puede revisar la versi\u00f3n m\u00e1s reciente de los T\u00e9rminos de servicio en cualquier momento en esta p\u00e1gina.<br><br>Nos reservamos el derecho, a nuestro exclusivo criterio, de actualizar, modificar o reemplazar cualquier parte de estos T\u00e9rminos de servicio mediante la publicaci\u00f3n de actualizaciones y cambios en nuestro sitio web. Es su responsabilidad revisar peri\u00f3dicamente nuestro sitio web para ver si hay cambios. Su uso continuo o acceso a nuestro sitio web o al Servicio luego de la publicaci\u00f3n de cualquier cambio a estos T\u00e9rminos de servicio constituye la aceptaci\u00f3n de dichos cambios.<br><br><br>SECCI\u00d3N 20 &#8211; INFORMACI\u00d3N DE CONTACTO<br><br>Las preguntas sobre los T\u00e9rminos de servicio deben enviarse a nosotros.<\/p>\n","protected":false},"excerpt":{"rendered":"<p>VISI\u00d3N GENERAL Este sitio web es operado por&nbsp;Prime Store. En todo el sitio, los t\u00e9rminos &#8220;nosotros&#8221;, &#8220;nos&#8221; y &#8220;nuestro&#8221; se refieren a&nbsp;Prime Store.&nbsp;Prime Store&nbsp;ofrece este sitio web, incluida toda la informaci\u00f3n, las herramientas y los servicios disponibles en este sitio, para usted, el usuario, sujeto a su aceptaci\u00f3n de todos los t\u00e9rminos, condiciones, pol\u00edticas y &hellip;<\/p>\n<p class=\"read-more\"> <a class=\"\" href=\"https:\/\/essenciale.store\/index.php\/terminos-del-servicio\/\"> <span class=\"screen-reader-text\">T\u00e9rms de servicio<\/span> Read More &raquo;<\/a><\/p>\n","protected":false},"author":1,"featured_media":0,"parent":0,"menu_order":0,"comment_status":"closed","ping_status":"closed","template":"","meta":{"site-sidebar-layout":"default","site-content-layout":"default","ast-global-header-display":"","ast-banner-title-visibility":"","ast-main-header-display":"","ast-hfb-above-header-display":"","ast-hfb-below-header-display":"","ast-hfb-mobile-header-display":"","site-post-title":"","ast-breadcrumbs-content":"","ast-featured-img":"","footer-sml-layout":"","theme-transparent-header-meta":"","adv-header-id-meta":"","stick-header-meta":"","header-above-stick-meta":"","header-main-stick-meta":"","header-below-stick-meta":"","footnotes":""},"_links":{"self":[{"href":"https:\/\/essenciale.store\/index.php\/wp-json\/wp\/v2\/pages\/4572"}],"collection":[{"href":"https:\/\/essenciale.store\/index.php\/wp-json\/wp\/v2\/pages"}],"about":[{"href":"https:\/\/essenciale.store\/index.php\/wp-json\/wp\/v2\/types\/page"}],"author":[{"embeddable":true,"href":"https:\/\/essenciale.store\/index.php\/wp-json\/wp\/v2\/users\/1"}],"replies":[{"embeddable":true,"href":"https:\/\/essenciale.store\/index.php\/wp-json\/wp\/v2\/comments?post=4572"}],"version-history":[{"count":2,"href":"https:\/\/essenciale.store\/index.php\/wp-json\/wp\/v2\/pages\/4572\/revisions"}],"predecessor-version":[{"id":4578,"href":"https:\/\/essenciale.store\/index.php\/wp-json\/wp\/v2\/pages\/4572\/revisions\/4578"}],"wp:attachment":[{"href":"https:\/\/essenciale.store\/index.php\/wp-json\/wp\/v2\/media?parent=4572"}],"curies":[{"name":"wp","href":"https:\/\/api.w.org\/{rel}","templated":true}]}}