{"id":4568,"date":"2023-06-27T20:24:01","date_gmt":"2023-06-27T20:24:01","guid":{"rendered":"https:\/\/essenciale.store\/?page_id=4568"},"modified":"2023-06-27T20:31:13","modified_gmt":"2023-06-27T20:31:13","slug":"condiciones-de-cambio-o-devolucion","status":"publish","type":"page","link":"https:\/\/essenciale.store\/index.php\/condiciones-de-cambio-o-devolucion\/","title":{"rendered":"Condiciones de cambio o devoluci\u00f3n"},"content":{"rendered":"\n<p>El equipo de&nbsp;Essenciale  invierte constantemente en pol\u00edticas para que nuestros clientes est\u00e9n siempre satisfechos. Puedes solicitar el cambio o devoluci\u00f3n de un producto en un plazo de 7 d\u00edas naturales desde la recepci\u00f3n del mismo. Se deben observar las siguientes condiciones:<\/p>\n\n\n\n<p>El producto debe ser devuelto en su embalaje original;<br>El producto debe ser devuelto sin signos de uso o consumo, es decir, en la forma en que fue recibido;<br>El producto debe devolverse con las etiquetas (o protectores) pegadas, los manuales y todos los accesorios que lo acompa\u00f1an.<br>IMPORTANTE: No aceptaremos devoluciones si no se respetan las condiciones anteriores.<\/p>\n\n\n\n<p>QU\u00c9 HACER PARA SOLICITAR CAMBIO O DEVOLUCI\u00d3N<br>Env\u00ede un correo electr\u00f3nico a&nbsp;contactoprimestoreco@gmail.com&nbsp;e informe:<\/p>\n\n\n\n<p>Nombre del producto;<br>Num\u00e9ro del pedido;<br>Correo electr\u00f3nico registrado en la compra;<br>Motivo del cambio o devoluci\u00f3n;<br>IMAGEN O V\u00cdDEO QUE DEMUESTRE EL DEFECTO.<\/p>\n\n\n\n<p>Una vez confirmadas todas las dudas relativas a la devoluci\u00f3n del producto, le informaremos de la direcci\u00f3n para la devoluci\u00f3n del producto y le reembolsaremos el importe pagado por el producto.<\/p>\n\n\n\n<p>FORMAS DE REEMBOLSO<br>Contracargo de tarjeta de cr\u00e9dito: este contracargo puede aparecer en hasta dos facturas despu\u00e9s de que la pasarela de pago complete la devoluci\u00f3n.<br>TED o PIX &#8211; Transferencia a la cuenta del cliente que se puede realizar dentro de los 10 d\u00edas h\u00e1biles siguientes a la confirmaci\u00f3n de la devoluci\u00f3n. LA TRANSFERENCIA NO SE PUEDE REALIZAR A UNA CUENTA DE TERCEROS.<\/p>\n","protected":false},"excerpt":{"rendered":"<p>El equipo de&nbsp;Essenciale invierte constantemente en pol\u00edticas para que nuestros clientes est\u00e9n siempre satisfechos. Puedes solicitar el cambio o devoluci\u00f3n de un producto en un plazo de 7 d\u00edas naturales desde la recepci\u00f3n del mismo. Se deben observar las siguientes condiciones: El producto debe ser devuelto en su embalaje original;El producto debe ser devuelto sin &hellip;<\/p>\n<p class=\"read-more\"> <a class=\"\" href=\"https:\/\/essenciale.store\/index.php\/condiciones-de-cambio-o-devolucion\/\"> <span class=\"screen-reader-text\">Condiciones de cambio o devoluci\u00f3n<\/span> Read More &raquo;<\/a><\/p>\n","protected":false},"author":1,"featured_media":0,"parent":0,"menu_order":0,"comment_status":"closed","ping_status":"closed","template":"","meta":{"site-sidebar-layout":"default","site-content-layout":"default","ast-global-header-display":"","ast-banner-title-visibility":"","ast-main-header-display":"","ast-hfb-above-header-display":"","ast-hfb-below-header-display":"","ast-hfb-mobile-header-display":"","site-post-title":"","ast-breadcrumbs-content":"","ast-featured-img":"","footer-sml-layout":"","theme-transparent-header-meta":"","adv-header-id-meta":"","stick-header-meta":"","header-above-stick-meta":"","header-main-stick-meta":"","header-below-stick-meta":"","footnotes":""},"_links":{"self":[{"href":"https:\/\/essenciale.store\/index.php\/wp-json\/wp\/v2\/pages\/4568"}],"collection":[{"href":"https:\/\/essenciale.store\/index.php\/wp-json\/wp\/v2\/pages"}],"about":[{"href":"https:\/\/essenciale.store\/index.php\/wp-json\/wp\/v2\/types\/page"}],"author":[{"embeddable":true,"href":"https:\/\/essenciale.store\/index.php\/wp-json\/wp\/v2\/users\/1"}],"replies":[{"embeddable":true,"href":"https:\/\/essenciale.store\/index.php\/wp-json\/wp\/v2\/comments?post=4568"}],"version-history":[{"count":4,"href":"https:\/\/essenciale.store\/index.php\/wp-json\/wp\/v2\/pages\/4568\/revisions"}],"predecessor-version":[{"id":4581,"href":"https:\/\/essenciale.store\/index.php\/wp-json\/wp\/v2\/pages\/4568\/revisions\/4581"}],"wp:attachment":[{"href":"https:\/\/essenciale.store\/index.php\/wp-json\/wp\/v2\/media?parent=4568"}],"curies":[{"name":"wp","href":"https:\/\/api.w.org\/{rel}","templated":true}]}}