{"id":3,"date":"2023-06-23T22:36:44","date_gmt":"2023-06-23T22:36:44","guid":{"rendered":"https:\/\/essenciale.store\/?page_id=3"},"modified":"2023-06-26T20:30:40","modified_gmt":"2023-06-26T20:30:40","slug":"politica-privacidad","status":"publish","type":"page","link":"https:\/\/essenciale.store\/index.php\/politica-privacidad\/","title":{"rendered":"Pol\u00edtica de privacidad"},"content":{"rendered":"\n<p>Es esencial asumir o comprometer la referencia a la privacidad y la seguridad de sus clientes durante todo el proceso de navegaci\u00f3n y compra del sitio. Dados cadastrais como nome, phone, endere\u00e7o e CPF nunca seran vendidos ou disponibilizados para terceiros, exceto quando essas informa\u00e7\u00f5es s\u00e3o obrigat\u00f3rias para o processo de entrega e cobran\u00e7a. Os dados pessoais \u00e9 fundamental para que seu pedido chegue em seguran\u00e7a na sua casa e de acordo com o prazo de entrega dimensionado em nosso site.<br \/>Voc\u00ea sabe o que \u00e9 a LGPD?<\/p>\n<p>A Lei Geral de Prote\u00e7\u00e3o de Dados (Lei n\u00ba 13.709\/2018), tem como objetivo protocolar o tratamento de dados pessoais de clientes e usu\u00e1rios por parte de empresas que atuam no segmento p\u00fablico e privado.<br \/>Voc\u00ea sabe o que s\u00e3o cookies?<br \/>Se refiere a peque\u00f1os archivos de texto (cookies) enviados para su navegador, contendo registros sobre su comportamiento para acceder a un sitio. Utilizamos cookies para reconhecer o seu navegador ou dispositivo, aprender m\u00e1s sobre seus interesses referencia aos produtos catalogados em nossa plataforma,<br \/>Galletas Primarias<br \/>Utilizamos cookies primarias, este tipo de cookie \u00e9 publicado pelo dom\u00ednio essenciale.store geralmente s\u00e3o utilizados para identificar preferencias de idioma e local o facilitar una funcionalidad b\u00e1sica do site.<br \/>Galletas de la sesi\u00f3n<\/p>\n<p>Cookies da sess\u00e3o s\u00e3o cookies que ficam activos de forma tempor\u00e1ria y que s\u00e3o utilizados apenas para leer de voc\u00ea durante o curso da sua visita em nosso site, Este tipo de cookie perde a validade quando voc\u00ea fecha or browser.<br \/><br \/><\/p>\n","protected":false},"excerpt":{"rendered":"<p>Es esencial asumir o comprometer la referencia a la privacidad y la seguridad de sus clientes durante todo el proceso de navegaci\u00f3n y compra del sitio. Dados cadastrais como nome, phone, endere\u00e7o e CPF nunca seran vendidos ou disponibilizados para terceiros, exceto quando essas informa\u00e7\u00f5es s\u00e3o obrigat\u00f3rias para o processo de entrega e cobran\u00e7a. Os &hellip;<\/p>\n<p class=\"read-more\"> <a class=\"\" href=\"https:\/\/essenciale.store\/index.php\/politica-privacidad\/\"> <span class=\"screen-reader-text\">Pol\u00edtica de privacidad<\/span> Read More &raquo;<\/a><\/p>\n","protected":false},"author":1,"featured_media":0,"parent":0,"menu_order":0,"comment_status":"closed","ping_status":"open","template":"","meta":{"site-sidebar-layout":"default","site-content-layout":"default","ast-global-header-display":"","ast-banner-title-visibility":"","ast-main-header-display":"","ast-hfb-above-header-display":"","ast-hfb-below-header-display":"","ast-hfb-mobile-header-display":"","site-post-title":"","ast-breadcrumbs-content":"","ast-featured-img":"","footer-sml-layout":"","theme-transparent-header-meta":"","adv-header-id-meta":"","stick-header-meta":"","header-above-stick-meta":"","header-main-stick-meta":"","header-below-stick-meta":"","footnotes":""},"_links":{"self":[{"href":"https:\/\/essenciale.store\/index.php\/wp-json\/wp\/v2\/pages\/3"}],"collection":[{"href":"https:\/\/essenciale.store\/index.php\/wp-json\/wp\/v2\/pages"}],"about":[{"href":"https:\/\/essenciale.store\/index.php\/wp-json\/wp\/v2\/types\/page"}],"author":[{"embeddable":true,"href":"https:\/\/essenciale.store\/index.php\/wp-json\/wp\/v2\/users\/1"}],"replies":[{"embeddable":true,"href":"https:\/\/essenciale.store\/index.php\/wp-json\/wp\/v2\/comments?post=3"}],"version-history":[{"count":3,"href":"https:\/\/essenciale.store\/index.php\/wp-json\/wp\/v2\/pages\/3\/revisions"}],"predecessor-version":[{"id":4542,"href":"https:\/\/essenciale.store\/index.php\/wp-json\/wp\/v2\/pages\/3\/revisions\/4542"}],"wp:attachment":[{"href":"https:\/\/essenciale.store\/index.php\/wp-json\/wp\/v2\/media?parent=3"}],"curies":[{"name":"wp","href":"https:\/\/api.w.org\/{rel}","templated":true}]}}